{"id":20,"date":"2018-01-04T00:40:39","date_gmt":"2018-01-03T21:40:39","guid":{"rendered":"http:\/\/tonguclar.com.tr\/?page_id=20"},"modified":"2018-02-11T22:36:10","modified_gmt":"2018-02-11T19:36:10","slug":"hakkimizda","status":"publish","type":"page","link":"https:\/\/tonguclar.com.tr\/?page_id=20","title":{"rendered":"Hakk\u0131m\u0131zda"},"content":{"rendered":"<p>[vc_row][vc_column width=&#8221;1\/3&#8243;][vc_column_text]Yakla\u015f\u0131k 50 y\u0131l \u00f6nce k\u00f6ylerden yumurta toplayarak ticari faaliyete ba\u015flad\u0131k. Zamanla Kand\u0131ra&#8217;da bu\u011fday, m\u0131s\u0131r vb. \u00fcr\u00fcnlerin al\u0131m\u0131n\u0131 yapan ilk d\u00fckkan\u0131m\u0131z\u0131 a\u00e7t\u0131k. Kand\u0131ra merkezde 1000 m2 kapal\u0131 alan\u0131 olan zahire depomuz, 3000 m2 in\u015faat malzemeleri sat\u0131\u015f yerimiz ve 4 d\u00f6n\u00fcm \u00fczerine kurulu 2000 m2 kapal\u0131 alana sahip f\u0131nd\u0131k k\u0131rma ve kavurma fabrikas\u0131n\u0131 a\u00e7t\u0131k.[\/vc_column_text][\/vc_column][vc_column width=&#8221;1\/3&#8243;][vc_single_image image=&#8221;249&#8243; img_size=&#8221;full&#8221;][\/vc_column][vc_column width=&#8221;1\/3&#8243;][vc_single_image image=&#8221;250&#8243; img_size=&#8221;full&#8221;][\/vc_column][\/vc_row]<\/p>\n","protected":false},"excerpt":{"rendered":"<p>[vc_row][vc_column width=&#8221;1\/3&#8243;][vc_column_text]Yakla\u015f\u0131k 50 y\u0131l \u00f6nce k\u00f6ylerden yumurta toplayarak ticari faaliyete ba\u015flad\u0131k. Zamanla Kand\u0131ra&#8217;da bu\u011fday, m\u0131s\u0131r vb. \u00fcr\u00fcnlerin al\u0131m\u0131n\u0131 yapan ilk d\u00fckkan\u0131m\u0131z\u0131 a\u00e7t\u0131k. Kand\u0131ra merkezde 1000 m2 kapal\u0131 alan\u0131 olan zahire depomuz, 3000 m2 in\u015faat malzemeleri sat\u0131\u015f yerimiz ve 4 d\u00f6n\u00fcm \u00fczerine kurulu 2000 m2 kapal\u0131 alana sahip f\u0131nd\u0131k k\u0131rma ve kavurma fabrikas\u0131n\u0131 a\u00e7t\u0131k.[\/vc_column_text][\/vc_column][vc_column width=&#8221;1\/3&#8243;][vc_single_image image=&#8221;249&#8243; [&hellip;]<\/p>\n","protected":false},"author":3,"featured_media":0,"parent":0,"menu_order":0,"comment_status":"closed","ping_status":"closed","template":"","meta":[],"_links":{"self":[{"href":"https:\/\/tonguclar.com.tr\/index.php?rest_route=\/wp\/v2\/pages\/20"}],"collection":[{"href":"https:\/\/tonguclar.com.tr\/index.php?rest_route=\/wp\/v2\/pages"}],"about":[{"href":"https:\/\/tonguclar.com.tr\/index.php?rest_route=\/wp\/v2\/types\/page"}],"author":[{"embeddable":true,"href":"https:\/\/tonguclar.com.tr\/index.php?rest_route=\/wp\/v2\/users\/3"}],"replies":[{"embeddable":true,"href":"https:\/\/tonguclar.com.tr\/index.php?rest_route=%2Fwp%2Fv2%2Fcomments&post=20"}],"version-history":[{"count":2,"href":"https:\/\/tonguclar.com.tr\/index.php?rest_route=\/wp\/v2\/pages\/20\/revisions"}],"predecessor-version":[{"id":262,"href":"https:\/\/tonguclar.com.tr\/index.php?rest_route=\/wp\/v2\/pages\/20\/revisions\/262"}],"wp:attachment":[{"href":"https:\/\/tonguclar.com.tr\/index.php?rest_route=%2Fwp%2Fv2%2Fmedia&parent=20"}],"curies":[{"name":"wp","href":"https:\/\/api.w.org\/{rel}","templated":true}]}}