{"id":26,"date":"2018-01-04T00:42:25","date_gmt":"2018-01-03T21:42:25","guid":{"rendered":"http:\/\/tonguclar.com.tr\/?page_id=26"},"modified":"2018-02-11T19:05:59","modified_gmt":"2018-02-11T16:05:59","slug":"un-ve-kepek","status":"publish","type":"page","link":"https:\/\/tonguclar.com.tr\/?page_id=26","title":{"rendered":"Un ve Kepek"},"content":{"rendered":"<p>[vc_row][vc_column][vc_column_text]<\/p>\n<h3 style=\"text-align: left;\">Tongu\u00e7lar Geleneksel Un<\/h3>\n<p>[\/vc_column_text][\/vc_column][\/vc_row][vc_row][vc_column width=&#8221;1\/2&#8243;][vc_single_image image=&#8221;241&#8243; img_size=&#8221;full&#8221;][\/vc_column][vc_column width=&#8221;1\/2&#8243;][vc_column_text]Y\u0131llard\u0131r do\u011fall\u0131\u011f\u0131 ve lezzeti sizlerle bulu\u015fturmak i\u00e7in \u00f6zenle se\u00e7ti\u011fimiz bu\u011fdaylar\u0131, el de\u011fmeden son teknoloji ile i\u015fleyip unun en do\u011fal halini, her pakette en iyi kalitede, sizlerin maharetli ellerine teslim ediyoruz.<\/p>\n<p>Tongu\u00e7lar un kalitesi ve lezzeti, bu\u011fday\u0131n do\u011fal yap\u0131s\u0131nda da olan vitamin ve mineraller ilave edilerek g\u00fc\u00e7lendirildi. Demir ve folik asit ile zenginle\u015ftirilen Tongu\u00e7lar Geleneksel Un daha sa\u011fl\u0131kl\u0131 beslenmenize ve ya\u015fam kalitenizi art\u0131rman\u0131za destek olur.<\/p>\n<p>Zenginle\u015ftirilmi\u015f Tongu\u00e7lar Geleneksel Un\u2019u t\u00fcm hamur i\u015flerinde; kek, pasta, kurabiye, b\u00f6rek, po\u011fa\u00e7a ve a\u00e7ma yap\u0131m\u0131nda kullanabilirsiniz.<\/p>\n<p><strong>\u00c7\u00fcnk\u00fc siz iyi bilirsiniz, lezzetin hamurunda Tongu\u00e7lar Un var.<\/strong>[\/vc_column_text][\/vc_column][\/vc_row][vc_row][vc_column][vc_separator border_width=&#8221;2&#8243;][\/vc_column][\/vc_row][vc_row][vc_column][vc_column_text]<\/p>\n<h3 style=\"text-align: left;\"><strong>Kepek<\/strong><\/h3>\n<p>[\/vc_column_text][\/vc_column][\/vc_row][vc_row][vc_column width=&#8221;1\/2&#8243;][vc_single_image image=&#8221;244&#8243; img_size=&#8221;full&#8221;][\/vc_column][vc_column width=&#8221;1\/2&#8243;][vc_column_text]En kaliteli bu\u011fday tanelerinden \u00f6\u011f\u00fct\u00fclm\u00fc\u015f, B grubu vitaminlerce zengin, sa\u011fl\u0131\u011f\u0131na ve formuna \u00f6zen g\u00f6sterenler i\u00e7in idealdir.<\/p>\n<p>\u0130\u015flenebilirli\u011fi kolay ve su kald\u0131rma oran\u0131 y\u00fcksektir.[\/vc_column_text][\/vc_column][\/vc_row][vc_row][vc_column][vc_separator border_width=&#8221;2&#8243;][\/vc_column][\/vc_row][vc_row][vc_column][vc_column_text]<\/p>\n<h3>M\u0131s\u0131r \/ Dar\u0131<\/h3>\n<p>[\/vc_column_text][\/vc_column][\/vc_row][vc_row][vc_column width=&#8221;1\/2&#8243;][vc_single_image image=&#8221;245&#8243; img_size=&#8221;full&#8221;][\/vc_column][vc_column width=&#8221;1\/2&#8243;][vc_column_text]M\u0131s\u0131r i\u00e7erdi\u011fi vitamin ve mineraller ile sa\u011fl\u0131k a\u00e7\u0131s\u0131ndan say\u0131s\u0131z fayda sa\u011flar. Tam bir potasyum deposudur, zengin miktarda karbonhidrat i\u00e7ermektedir. Protein a\u00e7\u0131s\u0131ndan da zengin olan m\u0131s\u0131r doymam\u0131\u015f ya\u011flar ve sodyum da i\u00e7erir.<\/p>\n<p>Kalsiyum ve demir i\u00e7eren m\u0131s\u0131r, kalsiyum a\u00e7\u0131s\u0131ndan \u00e7ok zengin olmamas\u0131na ra\u011fmen v\u00fccudun ihtiya\u00e7 duydu\u011fu \u00e7ok az bir k\u0131sm\u0131 kar\u015f\u0131layabilir. Bunun d\u0131\u015f\u0131nda magnezyum i\u00e7ermektedir. M\u0131s\u0131r ayr\u0131ca B-6 ve B-12 vitaminleri a\u00e7\u0131s\u0131ndan zengindir.<\/p>\n<p>[\/vc_column_text][\/vc_column][\/vc_row]<\/p>\n","protected":false},"excerpt":{"rendered":"<p>[vc_row][vc_column][vc_column_text] Tongu\u00e7lar Geleneksel Un [\/vc_column_text][\/vc_column][\/vc_row][vc_row][vc_column width=&#8221;1\/2&#8243;][vc_single_image image=&#8221;241&#8243; img_size=&#8221;full&#8221;][\/vc_column][vc_column width=&#8221;1\/2&#8243;][vc_column_text]Y\u0131llard\u0131r do\u011fall\u0131\u011f\u0131 ve lezzeti sizlerle bulu\u015fturmak i\u00e7in \u00f6zenle se\u00e7ti\u011fimiz bu\u011fdaylar\u0131, el de\u011fmeden son teknoloji ile i\u015fleyip unun en do\u011fal halini, her pakette en iyi kalitede, sizlerin maharetli ellerine teslim ediyoruz. Tongu\u00e7lar un kalitesi ve lezzeti, bu\u011fday\u0131n do\u011fal yap\u0131s\u0131nda da olan vitamin ve mineraller ilave edilerek g\u00fc\u00e7lendirildi. Demir [&hellip;]<\/p>\n","protected":false},"author":3,"featured_media":0,"parent":0,"menu_order":0,"comment_status":"closed","ping_status":"closed","template":"","meta":[],"_links":{"self":[{"href":"https:\/\/tonguclar.com.tr\/index.php?rest_route=\/wp\/v2\/pages\/26"}],"collection":[{"href":"https:\/\/tonguclar.com.tr\/index.php?rest_route=\/wp\/v2\/pages"}],"about":[{"href":"https:\/\/tonguclar.com.tr\/index.php?rest_route=\/wp\/v2\/types\/page"}],"author":[{"embeddable":true,"href":"https:\/\/tonguclar.com.tr\/index.php?rest_route=\/wp\/v2\/users\/3"}],"replies":[{"embeddable":true,"href":"https:\/\/tonguclar.com.tr\/index.php?rest_route=%2Fwp%2Fv2%2Fcomments&post=26"}],"version-history":[{"count":5,"href":"https:\/\/tonguclar.com.tr\/index.php?rest_route=\/wp\/v2\/pages\/26\/revisions"}],"predecessor-version":[{"id":246,"href":"https:\/\/tonguclar.com.tr\/index.php?rest_route=\/wp\/v2\/pages\/26\/revisions\/246"}],"wp:attachment":[{"href":"https:\/\/tonguclar.com.tr\/index.php?rest_route=%2Fwp%2Fv2%2Fmedia&parent=26"}],"curies":[{"name":"wp","href":"https:\/\/api.w.org\/{rel}","templated":true}]}}