{"id":4,"date":"2018-01-04T00:33:47","date_gmt":"2018-01-03T21:33:47","guid":{"rendered":"http:\/\/tonguclar.com.tr\/?page_id=4"},"modified":"2019-12-29T17:23:34","modified_gmt":"2019-12-29T14:23:34","slug":"ana-sayfa","status":"publish","type":"page","link":"https:\/\/tonguclar.com.tr\/","title":{"rendered":"Ana Sayfa"},"content":{"rendered":"<p>[vc_row css=&#8221;.vc_custom_1515020807057{margin-top: -30px !important;}&#8221;][vc_column][rev_slider_vc alias=&#8221;news-gallery4&#8243;][\/vc_column][\/vc_row][vc_row][vc_column width=&#8221;1\/4&#8243;][vc_cta h2=&#8221;F\u0131nd\u0131k&#8221; h4=&#8221;Fo\u00e7a, \u0130\u00e7 ve Kavrulmu\u015f&#8221; txt_align=&#8221;center&#8221; shape=&#8221;round&#8221; color=&#8221;blue&#8221; add_button=&#8221;bottom&#8221; btn_title=&#8221;Detaylar&#8221; btn_color=&#8221;inverse&#8221; btn_align=&#8221;center&#8221; btn_css_animation=&#8221;slideInUp&#8221; add_icon=&#8221;top&#8221; i_icon_fontawesome=&#8221;fa fa-leaf&#8221; i_color=&#8221;green&#8221; i_size=&#8221;lg&#8221; i_on_border=&#8221;true&#8221; btn_link=&#8221;url:https%3A%2F%2Ftonguclar.com.tr%2F%3Fpage_id%3D24|title:F%C4%B1nd%C4%B1k%20%C3%87e%C5%9Fitleri||&#8221;][\/vc_cta][\/vc_column][vc_column width=&#8221;1\/4&#8243;][vc_cta h2=&#8221;Un &amp; Kepek&#8221; h4=&#8221;Un, Bulgur, Kepek ve Dar\u0131&#8221; txt_align=&#8221;center&#8221; shape=&#8221;round&#8221; color=&#8221;blue&#8221; add_button=&#8221;bottom&#8221; btn_title=&#8221;Detaylar&#8221; btn_color=&#8221;inverse&#8221; btn_align=&#8221;center&#8221; btn_css_animation=&#8221;slideInUp&#8221; add_icon=&#8221;top&#8221; i_type=&#8221;entypo&#8221; i_icon_entypo=&#8221;entypo-icon entypo-icon-feather&#8221; i_color=&#8221;green&#8221; i_size=&#8221;lg&#8221; i_on_border=&#8221;true&#8221; btn_link=&#8221;url:https%3A%2F%2Ftonguclar.com.tr%2F%3Fpage_id%3D26|title:Un%20ve%20Kepek||&#8221;][\/vc_cta][\/vc_column][vc_column width=&#8221;1\/4&#8243;][vc_cta h2=&#8221;\u0130n\u015faat Malzemeleri&#8221; h4=&#8221;\u00c7imento, Demir, Kiremit..&#8221; txt_align=&#8221;center&#8221; shape=&#8221;round&#8221; color=&#8221;mulled-wine&#8221; add_button=&#8221;bottom&#8221; btn_title=&#8221;Detaylar&#8221; btn_color=&#8221;black&#8221; btn_align=&#8221;center&#8221; btn_css_animation=&#8221;slideInUp&#8221; add_icon=&#8221;top&#8221; i_type=&#8221;entypo&#8221; i_icon_entypo=&#8221;entypo-icon entypo-icon-bucket&#8221; i_color=&#8221;sandy_brown&#8221; i_size=&#8221;lg&#8221; i_on_border=&#8221;true&#8221; btn_link=&#8221;url:https%3A%2F%2Ftonguclar.com.tr%2F%3Fpage_id%3D32|title:%C4%B0n%C5%9Faat%20Malzemeleri||&#8221;][\/vc_cta][\/vc_column][vc_column width=&#8221;1\/4&#8243;][vc_cta h2=&#8221;\u0130n\u015faat Taahh\u00fct&#8221; h4=&#8221;Sat\u0131l\u0131k S\u0131f\u0131r Daireler&#8221; txt_align=&#8221;center&#8221; shape=&#8221;round&#8221; color=&#8221;mulled-wine&#8221; add_button=&#8221;bottom&#8221; btn_title=&#8221;Detaylar&#8221; btn_color=&#8221;black&#8221; btn_align=&#8221;center&#8221; btn_css_animation=&#8221;slideInUp&#8221; add_icon=&#8221;top&#8221; i_icon_fontawesome=&#8221;fa fa-home&#8221; i_color=&#8221;sandy_brown&#8221; i_size=&#8221;lg&#8221; i_on_border=&#8221;true&#8221; btn_link=&#8221;url:https%3A%2F%2Ftonguclar.com.tr%2F%3Fpage_id%3D28|title:%C4%B0n%C5%9Faat%20Taahh%C3%BCt||&#8221;][\/vc_cta][\/vc_column][\/vc_row][vc_row][vc_column][vc_separator color=&#8221;vista_blue&#8221;][\/vc_column][\/vc_row][vc_row][vc_column][vc_basic_grid post_type=&#8221;post&#8221; max_items=&#8221;4&#8243; style=&#8221;lazy&#8221; items_per_page=&#8221;4&#8243; element_width=&#8221;3&#8243; orderby=&#8221;title&#8221; grid_id=&#8221;vc_gid:1577629334671-3dd1d1a2-e554-4&#8243;][\/vc_column][\/vc_row]<\/p>\n","protected":false},"excerpt":{"rendered":"<p>[vc_row css=&#8221;.vc_custom_1515020807057{margin-top: -30px !important;}&#8221;][vc_column][rev_slider_vc alias=&#8221;news-gallery4&#8243;][\/vc_column][\/vc_row][vc_row][vc_column width=&#8221;1\/4&#8243;][vc_cta h2=&#8221;F\u0131nd\u0131k&#8221; h4=&#8221;Fo\u00e7a, \u0130\u00e7 ve Kavrulmu\u015f&#8221; txt_align=&#8221;center&#8221; shape=&#8221;round&#8221; color=&#8221;blue&#8221; add_button=&#8221;bottom&#8221; btn_title=&#8221;Detaylar&#8221; btn_color=&#8221;inverse&#8221; btn_align=&#8221;center&#8221; btn_css_animation=&#8221;slideInUp&#8221; add_icon=&#8221;top&#8221; i_icon_fontawesome=&#8221;fa fa-leaf&#8221; i_color=&#8221;green&#8221; i_size=&#8221;lg&#8221; i_on_border=&#8221;true&#8221; btn_link=&#8221;url:https%3A%2F%2Ftonguclar.com.tr%2F%3Fpage_id%3D24|title:F%C4%B1nd%C4%B1k%20%C3%87e%C5%9Fitleri||&#8221;][\/vc_cta][\/vc_column][vc_column width=&#8221;1\/4&#8243;][vc_cta h2=&#8221;Un &amp; Kepek&#8221; h4=&#8221;Un, Bulgur, Kepek ve Dar\u0131&#8221; txt_align=&#8221;center&#8221; shape=&#8221;round&#8221; color=&#8221;blue&#8221; add_button=&#8221;bottom&#8221; btn_title=&#8221;Detaylar&#8221; btn_color=&#8221;inverse&#8221; btn_align=&#8221;center&#8221; btn_css_animation=&#8221;slideInUp&#8221; add_icon=&#8221;top&#8221; i_type=&#8221;entypo&#8221; i_icon_entypo=&#8221;entypo-icon entypo-icon-feather&#8221; i_color=&#8221;green&#8221; i_size=&#8221;lg&#8221; i_on_border=&#8221;true&#8221; btn_link=&#8221;url:https%3A%2F%2Ftonguclar.com.tr%2F%3Fpage_id%3D26|title:Un%20ve%20Kepek||&#8221;][\/vc_cta][\/vc_column][vc_column width=&#8221;1\/4&#8243;][vc_cta h2=&#8221;\u0130n\u015faat Malzemeleri&#8221; h4=&#8221;\u00c7imento, [&hellip;]<\/p>\n","protected":false},"author":3,"featured_media":0,"parent":0,"menu_order":0,"comment_status":"closed","ping_status":"closed","template":"homepage-template.php","meta":[],"_links":{"self":[{"href":"https:\/\/tonguclar.com.tr\/index.php?rest_route=\/wp\/v2\/pages\/4"}],"collection":[{"href":"https:\/\/tonguclar.com.tr\/index.php?rest_route=\/wp\/v2\/pages"}],"about":[{"href":"https:\/\/tonguclar.com.tr\/index.php?rest_route=\/wp\/v2\/types\/page"}],"author":[{"embeddable":true,"href":"https:\/\/tonguclar.com.tr\/index.php?rest_route=\/wp\/v2\/users\/3"}],"replies":[{"embeddable":true,"href":"https:\/\/tonguclar.com.tr\/index.php?rest_route=%2Fwp%2Fv2%2Fcomments&post=4"}],"version-history":[{"count":54,"href":"https:\/\/tonguclar.com.tr\/index.php?rest_route=\/wp\/v2\/pages\/4\/revisions"}],"predecessor-version":[{"id":392,"href":"https:\/\/tonguclar.com.tr\/index.php?rest_route=\/wp\/v2\/pages\/4\/revisions\/392"}],"wp:attachment":[{"href":"https:\/\/tonguclar.com.tr\/index.php?rest_route=%2Fwp%2Fv2%2Fmedia&parent=4"}],"curies":[{"name":"wp","href":"https:\/\/api.w.org\/{rel}","templated":true}]}}